{"id":11,"date":"2021-06-18T12:43:19","date_gmt":"2021-06-18T12:43:19","guid":{"rendered":"http:\/\/croma-solutions.com\/index.php\/about\/"},"modified":"2021-12-09T16:28:37","modified_gmt":"2021-12-09T22:28:37","slug":"about","status":"publish","type":"page","link":"https:\/\/croma-solutions.com\/index.php\/about\/","title":{"rendered":"Nuestros Servicios"},"content":{"rendered":"\n<div class=\"wp-block-cover has-background-dim-80 has-background-dim\" style=\"background-color:#051335;min-height:475px;aspect-ratio:unset;\"><img loading=\"lazy\" decoding=\"async\" width=\"802\" height=\"500\" class=\"wp-block-cover__image-background wp-image-1729\" alt=\"\" src=\"http:\/\/croma-solutions.com\/wp-content\/uploads\/2021\/12\/productos-wakogel-en-cromatografia-liquida-de-fase-inversa.jpg\" style=\"object-position:46% 49%\" data-object-fit=\"cover\" data-object-position=\"46% 49%\" srcset=\"https:\/\/croma-solutions.com\/wp-content\/uploads\/2021\/12\/productos-wakogel-en-cromatografia-liquida-de-fase-inversa.jpg 802w, https:\/\/croma-solutions.com\/wp-content\/uploads\/2021\/12\/productos-wakogel-en-cromatografia-liquida-de-fase-inversa-300x187.jpg 300w, https:\/\/croma-solutions.com\/wp-content\/uploads\/2021\/12\/productos-wakogel-en-cromatografia-liquida-de-fase-inversa-768x479.jpg 768w, https:\/\/croma-solutions.com\/wp-content\/uploads\/2021\/12\/productos-wakogel-en-cromatografia-liquida-de-fase-inversa-24x15.jpg 24w, https:\/\/croma-solutions.com\/wp-content\/uploads\/2021\/12\/productos-wakogel-en-cromatografia-liquida-de-fase-inversa-36x22.jpg 36w, https:\/\/croma-solutions.com\/wp-content\/uploads\/2021\/12\/productos-wakogel-en-cromatografia-liquida-de-fase-inversa-48x30.jpg 48w\" sizes=\"auto, (max-width: 802px) 100vw, 802px\" \/><div class=\"wp-block-cover__inner-container is-layout-flow wp-block-cover-is-layout-flow\">\n<p class=\"has-text-align-center has-text-color\" style=\"color:#9097aa\"><\/p>\n\n\n\n<h1 class=\"has-text-align-center has-ast-global-color-4-color has-white-color has-text-color wp-block-heading\">Nuestros Servicios<\/h1>\n<\/div><\/div>\n\n\n\n<div class=\"wp-block-group is-layout-flow wp-block-group-is-layout-flow\">\n<h4 class=\"has-luminous-vivid-orange-color has-text-color wp-block-heading\">1<\/h4>\n\n\n\n<h4 class=\"has-text-color wp-block-heading\" style=\"color:#0671ae\"><strong>Instalaci\u00f3n<\/strong>.<\/h4>\n\n\n\n<p class=\"has-text-align-left has-medium-font-size\">Cromasolutions<sup>\u00ae <\/sup>cuenta con personal altamente capacitado para realizar la instalaci\u00f3n de su cromat\u00f3grafo, ya sea de gases o de l\u00edquidos.<\/p>\n\n\n\n<hr class=\"wp-block-separator has-text-color has-background is-style-wide\" style=\"background-color:#d8d8d8;color:#d8d8d8\"\/>\n\n\n\n<h4 class=\"has-luminous-vivid-orange-color has-text-color wp-block-heading\">2<\/h4>\n\n\n\n<h4 class=\"has-text-color wp-block-heading\" style=\"color:#0671ae\"><strong>Reacondicionamiento de equipos especializados como HPLC(series 1100, 1200), GC (5890A,B; 6890A, B, 7890A, B; UV-VIS) entre m\u00e1s.<\/strong><\/h4>\n\n\n\n<p class=\"has-medium-font-size\">En caso de que un mantenimiento no sea suficiente, el personal de Cromasolutions<sup>\u00ae <\/sup>realiza los cambios de piezas necesarios en su equipo por ejemplo en:<\/p>\n\n\n\n<p class=\"has-medium-font-size\">El inyector tanto manual como autom\u00e1tico, en bombas is\u00f3cr\u00e1ticas,binarias y cuaternarias,detectores VWD, DAD, fluorecencia, RID, etc.. , tuber\u00edas, etc. Con el fin de que el cambio de hardware le incremente la vida a largo plazo de su equipo.<\/p>\n\n\n\n<hr class=\"wp-block-separator has-text-color has-background is-style-wide\" style=\"background-color:#d8d8d8;color:#d8d8d8\"\/>\n\n\n\n<h4 class=\"has-luminous-vivid-orange-color has-text-color wp-block-heading\">3<\/h4>\n\n\n\n<h4 class=\"has-text-color wp-block-heading\" style=\"color:#0671ae\"><strong>Mantenimiento preventivo y\/o correctivo.<\/strong><\/h4>\n\n\n\n<p class=\"has-medium-font-size\">Un mantenimiento peri\u00f3dico para los equipos es de vital importancia, asegura su correcto funcionamiento. Adicionalmente, el usuario obtendr\u00e1 los resultados esperados.<\/p>\n\n\n\n<p class=\"has-medium-font-size\">Para ello los ingenieros de servicio de Cromasolutions<sup>\u00ae <\/sup>se aseguran de hacer el cambio de consumibles necesarios y que el equipo quede en excelentes condiciones de operaci\u00f3n.<strong><\/strong><\/p>\n\n\n\n<hr class=\"wp-block-separator has-text-color has-background is-style-wide\" style=\"background-color:#d8d8d8;color:#d8d8d8\"\/>\n\n\n\n<h4 class=\"has-luminous-vivid-orange-color has-text-color wp-block-heading\">4<\/h4>\n\n\n\n<h4 class=\"has-text-color wp-block-heading\" style=\"color:#0671ae\"><strong>Reinstalaci\u00f3n de software en sistemas operativos m\u00e1s actuales.<\/strong><\/h4>\n\n\n\n<p class=\"has-medium-font-size\">Siempre es importante estar actualizado y para ello Cromasolutions<sup>\u00ae<\/sup> cuenta con el servicio de actualizaci\u00f3n de software para su cromat\u00f3grafo.<\/p>\n\n\n\n<h4 class=\"has-luminous-vivid-orange-color has-text-color wp-block-heading\">5<\/h4>\n\n\n\n<h4 class=\"has-text-color wp-block-heading\" style=\"color:#0671ae\"><strong><strong>Venta y reparaci\u00f3n de UPS (Uninterruptable Power Supply).<\/strong><\/strong><\/h4>\n\n\n\n<p class=\"has-medium-font-size\">Agregue protecci\u00f3n extra a su equipo adquiriendo o reacondicionando un sistema UPS.<\/p>\n\n\n\n<h4 class=\"has-luminous-vivid-orange-color has-text-color wp-block-heading\">6<\/h4>\n\n\n\n<h4 class=\"has-text-color wp-block-heading\" style=\"color:#0671ae\"><strong><strong><strong>Renta de equipos.<\/strong><\/strong><\/strong><\/h4>\n\n\n\n<p class=\"has-medium-font-size\">Contamos con una amplia variedad de equipos anal\u00edticos de laboratorio para arrendamiento.<\/p>\n\n\n\n<h4 class=\"has-luminous-vivid-orange-color has-text-color wp-block-heading\">7<\/h4>\n\n\n\n<h4 class=\"has-text-color wp-block-heading\" style=\"color:#0671ae\"><strong><strong><strong><strong>Venta de consumibles.<\/strong><\/strong><\/strong><\/strong><\/h4>\n\n\n\n<p class=\"has-medium-font-size\">Obtenga los consumibles necesarios para la operaci\u00f3n de su equipo de una manera confiable y r\u00e1pida.<\/p>\n<\/div>\n\n\n\n<h5 class=\"has-text-align-center wp-block-heading\">Cromasolutions est\u00e1 atendiendo a todos los clientes que requieran un servicio de calidad con una r\u00e1pida respuesta a sus necesidades.<\/h5>\n\n\n\n<p><\/p>\n","protected":false},"excerpt":{"rendered":"","protected":false},"author":1,"featured_media":0,"parent":0,"menu_order":0,"comment_status":"closed","ping_status":"closed","template":"","meta":{"om_disable_all_campaigns":false,"_monsterinsights_skip_tracking":false,"_monsterinsights_sitenote_active":false,"_monsterinsights_sitenote_note":"","_monsterinsights_sitenote_category":0,"site-sidebar-layout":"no-sidebar","site-content-layout":"plain-container","ast-site-content-layout":"default","site-content-style":"default","site-sidebar-style":"default","ast-global-header-display":"","ast-banner-title-visibility":"","ast-main-header-display":"","ast-hfb-above-header-display":"","ast-hfb-below-header-display":"","ast-hfb-mobile-header-display":"","site-post-title":"disabled","ast-breadcrumbs-content":"","ast-featured-img":"disabled","footer-sml-layout":"","theme-transparent-header-meta":"enabled","adv-header-id-meta":"","stick-header-meta":"","header-above-stick-meta":"","header-main-stick-meta":"","header-below-stick-meta":"","astra-migrate-meta-layouts":"default","ast-page-background-enabled":"default","ast-page-background-meta":{"desktop":{"background-color":"","background-image":"","background-repeat":"repeat","background-position":"center center","background-size":"auto","background-attachment":"scroll","background-type":"","background-media":"","overlay-type":"","overlay-color":"","overlay-opacity":"","overlay-gradient":""},"tablet":{"background-color":"","background-image":"","background-repeat":"repeat","background-position":"center center","background-size":"auto","background-attachment":"scroll","background-type":"","background-media":"","overlay-type":"","overlay-color":"","overlay-opacity":"","overlay-gradient":""},"mobile":{"background-color":"","background-image":"","background-repeat":"repeat","background-position":"center center","background-size":"auto","background-attachment":"scroll","background-type":"","background-media":"","overlay-type":"","overlay-color":"","overlay-opacity":"","overlay-gradient":""}},"ast-content-background-meta":{"desktop":{"background-color":"var(--ast-global-color-5)","background-image":"","background-repeat":"repeat","background-position":"center center","background-size":"auto","background-attachment":"scroll","background-type":"","background-media":"","overlay-type":"","overlay-color":"","overlay-opacity":"","overlay-gradient":""},"tablet":{"background-color":"var(--ast-global-color-5)","background-image":"","background-repeat":"repeat","background-position":"center center","background-size":"auto","background-attachment":"scroll","background-type":"","background-media":"","overlay-type":"","overlay-color":"","overlay-opacity":"","overlay-gradient":""},"mobile":{"background-color":"var(--ast-global-color-5)","background-image":"","background-repeat":"repeat","background-position":"center center","background-size":"auto","background-attachment":"scroll","background-type":"","background-media":"","overlay-type":"","overlay-color":"","overlay-opacity":"","overlay-gradient":""}},"footnotes":""},"class_list":["post-11","page","type-page","status-publish","hentry"],"aioseo_notices":[],"_links":{"self":[{"href":"https:\/\/croma-solutions.com\/index.php\/wp-json\/wp\/v2\/pages\/11","targetHints":{"allow":["GET"]}}],"collection":[{"href":"https:\/\/croma-solutions.com\/index.php\/wp-json\/wp\/v2\/pages"}],"about":[{"href":"https:\/\/croma-solutions.com\/index.php\/wp-json\/wp\/v2\/types\/page"}],"author":[{"embeddable":true,"href":"https:\/\/croma-solutions.com\/index.php\/wp-json\/wp\/v2\/users\/1"}],"replies":[{"embeddable":true,"href":"https:\/\/croma-solutions.com\/index.php\/wp-json\/wp\/v2\/comments?post=11"}],"version-history":[{"count":13,"href":"https:\/\/croma-solutions.com\/index.php\/wp-json\/wp\/v2\/pages\/11\/revisions"}],"predecessor-version":[{"id":1740,"href":"https:\/\/croma-solutions.com\/index.php\/wp-json\/wp\/v2\/pages\/11\/revisions\/1740"}],"wp:attachment":[{"href":"https:\/\/croma-solutions.com\/index.php\/wp-json\/wp\/v2\/media?parent=11"}],"curies":[{"name":"wp","href":"https:\/\/api.w.org\/{rel}","templated":true}]}}